18
Let s(v) = -v**2 + 6*v + 29 - 39 + 4*v. Let m be s(6). Calculate the greatest common factor of 35 and m.
7
Suppose t + 2*t = 0. Let b(l) = l**2 + l + 184. Let o be b(t). Suppose -o + 13 = -c. What is the highest common factor of 19 and c?
19
Let n be (208/24)/(4/(-6)). Let p = n + 28. Calculate the highest common divisor of 6 and p.
3
Suppose 1808 = 5*x + 1328. Calculate the highest common divisor of x and 264.
24
Let a = 1537 - 1124. What is the highest common factor of 177 and a?
59
Suppose -33*t = -51*t + 9648. What is the highest common divisor of 8 and t?
8
Suppose 0 = 3*s - 24 - 39. Let f(u) = -u**3 - 2*u**2 + 6*u + 6. Let t be f(-4). What is the greatest common factor of t and s?
7
Let w = 35 + -33. Suppose -w*c + 6 = 4. Let h = -13 + 14. What is the highest common divisor of h and c?
1
Suppose 3*t - 2*u = 27, 0*t - 19 = -4*t - 3*u. Suppose -42*v - a = -43*v + 48, -5*v = 5*a - 250. Calculate the highest common factor of t and v.
7
Let b = -4 - 0. Let h be (1 - -1)*(-10)/b. Suppose 4*r = -d + 48 + 106, -104 = -2*r + 4*d. Calculate the highest common factor of h and r.
5
Suppose -b = -1 - 8. Let n = 125 - 59. Let a = n + 33. Calculate the highest common factor of b and a.
9
Let f(v) = v**3 + 7*v**2 - 4. Let i be f(-6). Calculate the greatest common divisor of 1456 and i.
16
Let q(x) = 6*x - 4. Suppose -10 = -4*j - d - 5, -2*j + 2*d + 10 = 0. Let b be q(j). Calculate the highest common factor of b and 56.
8
Let s = 446 - 434. What is the highest common divisor of s and 300?
12
Let r = 186 + -168. Let d be 1190/6 - (-2)/(-6). What is the greatest common factor of d and r?
18
Let p = -12 - -18. Suppose 0 = -0*w - 5*w - l + 22, -2*l = p. Suppose w*d - 247 = 173. What is the greatest common factor of d and 12?
12
Let b = -781 - -811. Calculate the highest common factor of b and 75.
15
Let c be 4*(0 + -2 - -4). Let x(b) = 6*b - 27. Let g be x(c). What is the highest common divisor of 3 and g?
3
Suppose -2*p = -24 - 24. Suppose 0 = -5*n - s - 828, -8*s = 4*n - 3*s + 654. Let a = n - -262. Calculate the highest common divisor of a and p.
24
Suppose 1428 = 7*d + 10*d. Calculate the greatest common divisor of d and 24.
12
Let a be 1*-1*(-6)/7*56. Calculate the highest common factor of a and 304.
16
Let m(n) = 3*n - 1. Let q be m(2). Let u(z) = 3*z**2 - 4*z. Let w be u(5). Calculate the greatest common factor of w and q.
5
Let h = 9 - 10. Let b(d) = 48*d**2 - d - 1. Let c be b(h). Suppose -4*m + c = -436. Calculate the highest common factor of 11 and m.
11
Let m be ((-224)/(-3))/(-16)*7*-3. Calculate the greatest common divisor of 112 and m.
14
Let n = -40 - -22. Let v = -201 + 239. Let f = n + v. What is the highest common factor of 50 and f?
10
Let f = 3307 - 3250. Let y = -85 - -123. What is the highest common divisor of y and f?
19
Suppose -2*k - d + 161 = 0, 2*d + d = -4*k + 323. Suppose 37 - 136 = -5*g + z, -2*z + 22 = g. Calculate the highest common divisor of g and k.
20
Suppose -6*c - 3*c + 378 = 0. Let w(o) = o - 5. Let p be w(4). Let g(q) = 15*q**2 + 2*q + 1. Let a be g(p). What is the highest common factor of a and c?
14
Let k = -22 + 25. Suppose -3*s - 3*u = -1413, -k*s + u + 1423 = -u. Calculate the highest common factor of s and 43.
43
Suppose 16 = 19*n - 15*n. Let s(m) = m**2 - 2*m + 7. Let h be s(n). What is the greatest common factor of 30 and h?
15
Suppose -i = -3*l + 635 - 160, -i = 5*l - 781. Let s = -88 + l. Suppose s = 4*o + 5. What is the greatest common factor of 24 and o?
8
Let i(c) = -4*c**3 - 6*c**2 + 29*c + 111. Let d be i(-5). Calculate the greatest common factor of d and 4.
4
Let o(g) = -2*g + 11. Let n be o(9). Let u be (4/n)/(2/(-7)). Suppose 3*l - 45 = -u*l. What is the highest common divisor of 6 and l?
3
Let r(z) be the second derivative of 3*z**5/4 - z**4/12 - z**3/6 + z**2/2 + z. Let o be r(1). What is the highest common divisor of 8 and o?
2
Suppose 88 = -5*t + 23. Let z = -13 - t. Suppose z = 13*w - 12*w - 189. What is the greatest common divisor of 21 and w?
21
Suppose r - 3*t - 17 = -3*r, 15 = 4*r - 5*t. Suppose r*h - 76 = -26. Suppose 0 + 1 = -m, -2*m - 6 = -p. Calculate the highest common factor of p and h.
2
Let s(y) = 2*y**3 + 25*y**2 - 27*y - 152. Let u be s(-13). Suppose 2*w - 3*v - 1 = w, 4 = 2*v. Suppose j + 1 = w. What is the highest common divisor of u and j?
6
Let o = -520 - -772. What is the highest common factor of o and 140?
28
Suppose 0*q = 3*q - 3*p - 7863, 4*p + 5240 = 2*q. Calculate the greatest common factor of q and 114.
114
Suppose 3*z + 10 = -5, -3*z - 5 = 5*a. Suppose -a*l = -0*l + 32. Let r = l - -24. What is the greatest common factor of r and 88?
8
Suppose 60*r + 1000 = 65*r. Calculate the greatest common factor of r and 80.
40
Let f = 20 - 18. Suppose 0 = 3*q - 2*t - 30, 5*q - f*t = t + 49. Let p = -84 - -124. What is the highest common factor of q and p?
8
Let u = 205 - 103. Let y = u - -33. Calculate the greatest common divisor of y and 15.
15
Let b = 40 - 7. Suppose 3*z = -3*l + 51 + b, 2*l - 6 = 0. Calculate the highest common divisor of z and 10.
5
Suppose 11*s + 441 = 20*s. What is the highest common divisor of s and 392?
49
Suppose -3*n + 2*n = 5*m + 1, 4*m = -4*n - 4. Suppose -d + m + 6 = 0. What is the greatest common factor of d and 54?
6
Suppose 0*y + 4*y = 0. Suppose y = -7*b + 10*b - 12. Suppose 7*z - 2*z + 285 = 3*o, o - 78 = -b*z. What is the highest common factor of 18 and o?
18
Suppose 2*t + 43 = 123. Let f = -542 + 552. Calculate the highest common factor of t and f.
10
Let j be (17 - 47)/((-4)/26). Let i be 5/30 + (30822/(-36))/(-11). What is the greatest common divisor of i and j?
39
Suppose 3*o - 11 - 6 = -4*t, 4*t - 5*o = 25. Suppose t*w - 31 - 80 = -4*b, -77 = -3*b - 5*w. What is the highest common factor of 17 and b?
17
Suppose x - n = 4*x - 38, 2*x - 28 = 2*n. Let m(s) = -s**3 + 14*s**2 - 10*s - 17. Let i be m(x). What is the greatest common factor of 55 and i?
11
Suppose 3*l + 6 = b - 54, 0 = -3*b - 3*l + 240. Suppose -2*d - 41 + 71 = 3*c, -5*c = -2*d + 30. Calculate the highest common divisor of d and b.
15
Let z be -252*((-4)/(-6) + 46/(-23)). What is the greatest common divisor of 384 and z?
48
Let i be 80/60*(-2403)/(-6). Calculate the highest common divisor of i and 6.
6
Suppose -g - 5*f + 15 = -0, -f = 0. Let n = -87 + 192. What is the greatest common factor of n and g?
15
Let l = -124 + 139. Calculate the greatest common factor of 705 and l.
15
Let g(l) = l**2 + 2*l - 9. Let x be g(-7). Suppose -4*d + x + 46 = 0. What is the greatest common divisor of d and 6?
6
Let y(p) = p**3 + 13*p**2 + 16*p + 4. Let d be y(-11). What is the highest common factor of 245 and d?
35
Let j = -10 + 12. Let m be j/8 + (-3)/12. Let t be (m - 1)/((-1)/29). Calculate the highest common divisor of t and 319.
29
Let y = 192 - 154. Let p = -11 + 125. What is the highest common factor of y and p?
38
Let w(r) be the third derivative of -r**5/60 - 2*r**4/3 - r**3/3 + 10*r**2. Let j be w(-14). Calculate the highest common factor of j and 65.
13
Let b = -23 - -13. Let w = b - -27. Calculate the greatest common divisor of w and 68.
17
Suppose -13*d + 7*d = -120. Let c(x) = -x**2 + 18*x + 47. Let g be c(d). Calculate the highest common divisor of g and 63.
7
Let l be ((-1)/(-1))/(1/(-14)*-2). Suppose l*d - 238 = 147. Calculate the greatest common divisor of d and 22.
11
Let f be (-3)/(-2*(-9)/(-24)). Let i = f + 35. Calculate the greatest common divisor of 3 and i.
3
Suppose 0 = -22*j + 26*j + 4*l - 56, 0 = 4*j + 3*l - 51. What is the greatest common divisor of j and 21?
3
Suppose 8 = 9*s - 19. Suppose 0 = s*a - 116 - 334. What is the highest common factor of 15 and a?
15
Let z(l) = -l**2 - 9*l - 5. Let t be z(-8). Suppose 5*x = -15, -3*w - t = -2*x - 45. Calculate the greatest common divisor of w and 8.
4
Suppose -28*h + 285 = -9*h. What is the greatest common divisor of 60 and h?
15
Suppose -2*w - 40 = -2*a, 4*a + w = 9*a - 80. Calculate the greatest common factor of a and 195.
15
Let m = -32 + 11. Let v = m - -34. What is the greatest common divisor of 13 and v?
13
Suppose -g - g + 6 = 0. Let i(v) = 5*v**3 - 9*v - 3*v**3 - 2*v**2 - 3*v**3 + 1 - 6*v**2. Let o be i(-7). What is the highest common factor of o and g?
3
Let u be (5 + -2)/1 - -41. Let f be u - 4*(1 - (-2)/(-4)